 highest common factor of 730673 and 27777?
197
Calculate the greatest common divisor of 978 and 31449546.
978
What is the highest common divisor of 82070 and 22601795?
1415
What is the greatest common divisor of 287 and 17715321?
41
What is the highest common factor of 155110144 and 1280?
256
What is the greatest common divisor of 75699 and 323622?
117
What is the greatest common divisor of 1451030 and 118919?
1091
What is the greatest common factor of 110052254 and 68?
34
What is the highest common divisor of 40913327 and 1729?
1729
What is the highest common factor of 7483417 and 85?
17
Calculate the greatest common divisor of 806279 and 252743.
961
What is the greatest common factor of 33823 and 661932?
227
What is the highest common factor of 99995 and 17570?
35
What is the greatest common divisor of 189864351 and 459?
27
Calculate the greatest common factor of 12375844 and 104.
52
Calculate the greatest common factor of 163761 and 122094.
969
Calculate the highest common factor of 1998825 and 11745.
435
What is the highest common factor of 618 and 4649420?
206
What is the highest common divisor of 50426946 and 3296?
206
Calculate the greatest common factor of 6370378 and 873.
97
Calculate the highest common factor of 966743365 and 7042.
3521
Calculate the greatest common divisor of 79430 and 838903.
611
Calculate the highest common factor of 36995140 and 10920.
1820
What is the greatest common divisor of 2661 and 13812?
3
Calculate the greatest common factor of 1506 and 12538203.
753
Calculate the highest common divisor of 8914512 and 240.
48
What is the highest common factor of 18576 and 41229948?
516
Calculate the greatest common factor of 8726940 and 4530.
30
What is the highest common factor of 2303009 and 9752?
53
What is the highest common divisor of 307406 and 3353834?
3454
What is the greatest common divisor of 1239078 and 5820?
582
What is the highest common factor of 411825 and 419235?
285
What is the greatest common factor of 35358 and 9752334?
498
Calculate the greatest common divisor of 7665 and 146161695.
1095
What is the greatest common factor of 39165 and 49875?
105
What is the greatest common divisor of 806471812 and 4?
4
What is the greatest common divisor of 29562 and 807703?
13
Calculate the highest common factor of 158244988 and 1892.
1892
What is the greatest common factor of 124653435 and 357?
51
What is the highest common divisor of 255032 and 6760904?
568
What is the greatest common factor of 143565872 and 8896?
2224
Calculate the greatest common divisor of 93221972 and 2372.
2372
Calculate the highest common divisor of 423550 and 725926.
86
Calculate the highest common factor of 626396 and 199660.
596
What is the greatest common divisor of 21 and 22284087?
21
Calculate the greatest common divisor of 16268 and 137004.
196
Calculate the greatest common factor of 3179 and 10447639.
289
Calculate the greatest common factor of 66435 and 173040.
1545
Calculate the greatest common divisor of 9633017 and 6707.
353
What is the highest common divisor of 650938917 and 3363?
3363
What is the highest common factor of 3682 and 57344?
14
What is the greatest common divisor of 902448 and 8208?
432
Calculate the greatest common divisor of 20654653 and 19.
19
Calculate the greatest common divisor of 11966193 and 50373.
1737
Calculate the highest common factor of 4280 and 19265885.
535
Calculate the highest common factor of 8943 and 279119973.
8943
What is the highest common divisor of 196980 and 545514?
402
Calculate the highest common divisor of 316078 and 1111302.
214
What is the highest common divisor of 15566300 and 75?
25
Calculate the highest common factor of 30 and 65457420.
30
Calculate the greatest common factor of 899586 and 31104.
486
Calculate the highest common divisor of 91086 and 3602127.
141
What is the greatest common factor of 8586 and 12429?
9
What is the highest common divisor of 137280 and 1562?
22
Calculate the highest common factor of 60227007 and 2727.
303
Calculate the greatest common factor of 1500070 and 38610.
1430
What is the highest common factor of 31581 and 4783977?
1089
Calculate the greatest common divisor of 3240166 and 34.
34
What is the greatest common factor of 210 and 41539750?
70
Calculate the greatest common divisor of 992781 and 376.
47
What is the highest common divisor of 1431 and 14645556?
27
Calculate the highest common divisor of 32 and 8357354.
2
Calculate the highest common factor of 13014 and 6858.
54
What is the highest common divisor of 4482534 and 672?
42
Calculate the highest common factor of 7322704 and 16.
16
What is the greatest common divisor of 22958803 and 10094?
5047
What is the greatest common factor of 768 and 172212?
12
What is the highest common factor of 2494263018 and 962?
962
Calculate the highest common factor of 207749 and 1494.
83
What is the greatest common factor of 29529112 and 62?
62
Calculate the greatest common factor of 5460 and 17446065.
1365
What is the highest common divisor of 19745 and 1350199?
359
Calculate the highest common divisor of 2862 and 111038286.
318
What is the highest common divisor of 809200 and 373800?
1400
Calculate the highest common divisor of 245697998 and 11388.
1898
Calculate the highest common factor of 3775 and 1563550.
25
What is the greatest common divisor of 3395 and 8255135?
35
Calculate the highest common divisor of 29552 and 439344.
16
What is the greatest common factor of 86960 and 136962?
2174
What is the highest common factor of 397 and 68141477?
397
What is the greatest common divisor of 3674904 and 2280?
456
What is the greatest common factor of 5996237 and 699313?
14879
Calculate the highest common factor of 101161398 and 18382.
2626
Calculate the highest common divisor of 9912 and 1374.
6
What is the highest common factor of 553 and 100331?
7
What is the greatest common factor of 11987740 and 780?
20
What is the greatest common divisor of 31901 and 3682485?
1387
What is the highest common factor of 10034266 and 620?
62
What is the greatest common factor of 27592 and 1580?
4
What is the greatest common divisor of 29336970 and 2730?
390
Calculate the greatest common divisor of 639 and 3177.
9
What is the highest common divisor of 306 and 2092853?
17
Calculate the highest common divisor of 924 and 1581492.
132
What is the greatest common factor of 48064 and 148698?
1502
What is the greatest common factor of 138062520 and 1224?
72
What is the greatest common factor of 21093 and 286059?
237
Calculate the greatest common factor of 2796680 and 63940.
2780
What is the highest common divisor of 1876 and 4378703?
7
What is the highest common factor of 1637571 and 134407?
2743
Calculate the highest common divisor of 662998145 and 8410.
4205
Calculate the highest common factor of 78292195 and 10.
5
Calculate the highest common factor of 136741 and 100936.
341
Calculate the highest common divisor of 1208 and 50003348.
604
What is the highest common divisor of 22217456 and 5275?
211
What is the highest common factor of 2923547 and 1086349?
671
What is the highest common factor of 61380 and 92752?
1364
Calculate the greatest common divisor of 195521 and 1591.
43
Calculate the greatest common divisor of 95222 and 680736.
2026
Calculate the highest common divisor of 175 and 208372325.
175
Calculate the highest common factor of 107473279 and 586.
293
Calculate the highest common factor of 13 and 59062276.
13
What is the highest common divisor of 112914 and 126225?
459
Calculate the highest common factor of 3308 and 1316167192.
3308
Calculate the highest common divisor of 1599696 and 42228.
2484
Calculate the greatest common factor of 7861348 and 31705.
373
Calculate the highest common factor of 638848 and 52948.
868
Calculate the greatest common factor of 4098901 and 59711.
71
Calculate the highest common divisor of 1531405 and 1403.
61
Calculate the highest common factor of 1012 and 109467281.
253
What is the greatest common divisor of 9132641 and 76454?
301
Calculate the greatest common divisor of 89028799 and 28291.
1489
What is the highest common factor of 108 and 279291552?
12
What is the highest common divisor of 826583809 and 323?
323
What is the greatest common divisor of 145222 and 36531?
451
What is the greatest com